{"id":1112,"date":"2026-04-15T08:24:28","date_gmt":"2026-04-15T08:24:28","guid":{"rendered":"http:\/\/web2.pssr.sk\/?page_id=1112"},"modified":"2026-04-15T11:15:11","modified_gmt":"2026-04-15T11:15:11","slug":"odber-vzoriek-pre-dna-test","status":"publish","type":"page","link":"http:\/\/web2.pssr.sk\/index.php\/sk\/odber-vzoriek-pre-dna-test\/","title":{"rendered":"Odber vzoriek pre DNA test"},"content":{"rendered":"\n<p>Pre stanovenie DNA je podmienkou zaslanie krvi, alebo ak\u00e9hoko\u013evek materi\u00e1lu, v ktorom je obsiahnut\u00e1 izolovate\u013en\u00e1 DNA spolu s vyplnen\u00fdm sprievodn\u00fdm tla\u010divom na na\u0161u adresu.<\/p>\n\n\n\n<h2 class=\"wp-block-heading\">Krv<\/h2>\n\n\n\n<p>Najr\u00fdchlej\u0161\u00ed sp\u00f4sob z\u00edskania DNA testu Va\u0161ich zvierat je telefonick\u00e9, alebo e-mailov\u00e9 vy\u017eiadanie nutn\u00e9ho po\u010dtu sk\u00famaviek na odber krvi. Tieto bud\u00fa obratom zaslan\u00e9 na Vami uveden\u00fa adresu. Krv je potrebn\u00e9 ihne\u010f po odbere premie\u0161a\u0165 s antikoagula\u010dn\u00fdm roztokom v sk\u00famavke (pri pou\u017eit\u00ed vlastn\u00fdch sk\u00famaviek nepou\u017e\u00edvajte hepar\u00edn), aby sa zabr\u00e1nilo jej zrazeniu. Sk\u00famavku je potrebn\u00e9 ozna\u010di\u0165 u\u0161n\u00fdm \u010d\u00edslom zviera\u0165a. Pri ka\u017edom zvierati treba pou\u017ei\u0165 steriln\u00fa ihlu! Odobrat\u00e9 vzorky \u010do najsk\u00f4r doru\u010dte do laborat\u00f3ria.<\/p>\n\n\n\n<h2 class=\"wp-block-heading\">Chlpy, \u0161tetiny, hriva a vlna<\/h2>\n\n\n\n<p>V pr\u00edpade chlpov, \u0161tet\u00edn, hrivy a vlny je potrebn\u00e9 ich vytrhn\u00fa\u0165 nie odstrihn\u00fa\u0165! (Genetick\u00fd materi\u00e1l je vo vlasov\u00fdch cibu\u013ek\u00e1ch!). Je potrebn\u00e9 zasla\u0165 minim\u00e1lne 20 ks chlpov. Zv\u00e4zok chlpov je potrebn\u00e9 vlo\u017ei\u0165 do ozna\u010denej ob\u00e1lky, alebo samo uzatv\u00e1rate\u013en\u00e9ho ozna\u010den\u00e9ho vrecka. Je nevyhnutn\u00e9 da\u0165 do vrecka iba chlpy z jedn\u00e9ho zviera\u0165a. Treba sa vyvarova\u0165 ak\u00e9hoko\u013evek zmie\u0161ania vzoriek.<\/p>\n\n\n\n<h2 class=\"wp-block-heading\">Perie<\/h2>\n\n\n\n<p>Perie je potrebn\u00e9 vytrhn\u00fa\u0165 nie odstrihn\u00fa\u0165! Je potrebn\u00e9 zasla\u0165 minim\u00e1lne 20 ks peria. Vlo\u017ei\u0165 do ozna\u010denej ob\u00e1lky, alebo samo uzatv\u00e1rate\u013en\u00e9ho ozna\u010den\u00e9ho vrecka. Je nevyhnutn\u00e9 da\u0165 do vrecka iba perie z jedn\u00e9ho zviera\u0165a. Treba sa vyvarova\u0165 ak\u00e9hoko\u013evek zmie\u0161ania vzoriek.<\/p>\n\n\n\n<h2 class=\"wp-block-heading\">Mlieko<\/h2>\n\n\n\n<p>Ako vzorku mo\u017eno zasla\u0165 vzorku mlieka odobrat\u00e9ho do vzorkovnice na mlieko s\u00a0konzerva\u010dnou l\u00e1tkou (microtabs) vzorku je treba poriadne premie\u0161a\u0165 a\u00a0uchova\u0165 v chlade. Microtabs za\u0161leme na vy\u017eiadanie po\u0161tou.<\/p>\n\n\n\n<h2 class=\"wp-block-heading\">In\u00fd materi\u00e1l<\/h2>\n\n\n\n<p>Na\u0161e laborat\u00f3rium m\u00e1 sk\u00fasenosti aj s in\u00fdmi materi\u00e1lmi pre z\u00edskanie DNA ako napr.: paro\u017eie, zemina zmie\u0161an\u00e1 s krvou a in\u00e9. Pre inform\u00e1cie oh\u013eadne z\u00edskania DNA z in\u00fdch materi\u00e1lov kontaktujte telefonicky, alebo e-mailom pracovn\u00edkov laborat\u00f3ria.<br><br><strong>Ing. Monika Fe\u010dkov\u00e1, PhD. \u2013 genetik<\/strong><br>\u00datvar Laborat\u00f3ria genetiky a vzdel\u00e1vania v Lu\u017eiankach<br>Hlohoveck\u00e1 7<br>951 41 Lu\u017eianky<br><a href=\"tel:421905700932\">+421 905 700 932<\/a><br><a href=\"mailto:upznr@pssr.sk\">upznr@pssr.sk<\/a><br><br>V pr\u00edpade n\u00e1hleho \u00fahynu geneticky potrebn\u00e9ho jedinca (napr. matky bud\u00faceho plemenn\u00edka, darkyne embry\u00ed \u2026) je nutn\u00e9 odobra\u0165 pre potreby overenia p\u00f4vodu genetick\u00fd materi\u00e1l (krv, tkanivo \u2013 nie m\u00e4kk\u00e9, sperma, vaj\u00ed\u010dko a to v mno\u017estve 3-4g) a ulo\u017ei\u0165 do mrazu. Najlep\u0161ie je odobratie chrupavky ucha, po jej d\u00f4kladnom o\u010disten\u00ed. Ve\u013ekos\u0165 by mala by\u0165 1x1cm, 2 ks.<br>V pr\u00edpade chlpov a peria nie je potreba ich ulo\u017eenia v mraze.<\/p>\n\n\n\n<p><strong>Po uhraden\u00ed po\u0161tovej pouk\u00e1\u017eky za\u010dneme ihne\u010f spracov\u00e1va\u0165 Va\u0161u vzorku a v\u00fdsledky V\u00e1m odo\u0161leme ihne\u010f po vyhodnoten\u00ed testov spolu s fakt\u00farou.<\/strong><\/p>\n","protected":false},"excerpt":{"rendered":"<p>Pre stanovenie DNA je podmienkou zaslanie krvi, alebo ak\u00e9hoko\u013evek materi\u00e1lu, v ktorom je obsiahnut\u00e1 izolovate\u013en\u00e1 DNA spolu s vyplnen\u00fdm sprievodn\u00fdm tla\u010divom na na\u0161u adresu. Krv Najr\u00fdchlej\u0161\u00ed sp\u00f4sob z\u00edskania DNA testu Va\u0161ich zvierat je telefonick\u00e9, alebo e-mailov\u00e9 vy\u017eiadanie nutn\u00e9ho po\u010dtu sk\u00famaviek na odber krvi. Tieto bud\u00fa obratom zaslan\u00e9 na Vami uveden\u00fa adresu. Krv je potrebn\u00e9 ihne\u010f&#8230;<\/p>\n","protected":false},"author":1,"featured_media":0,"parent":0,"menu_order":0,"comment_status":"closed","ping_status":"closed","template":"","meta":{"footnotes":""},"class_list":["post-1112","page","type-page","status-publish","hentry"],"_links":{"self":[{"href":"http:\/\/web2.pssr.sk\/index.php\/wp-json\/wp\/v2\/pages\/1112","targetHints":{"allow":["GET"]}}],"collection":[{"href":"http:\/\/web2.pssr.sk\/index.php\/wp-json\/wp\/v2\/pages"}],"about":[{"href":"http:\/\/web2.pssr.sk\/index.php\/wp-json\/wp\/v2\/types\/page"}],"author":[{"embeddable":true,"href":"http:\/\/web2.pssr.sk\/index.php\/wp-json\/wp\/v2\/users\/1"}],"replies":[{"embeddable":true,"href":"http:\/\/web2.pssr.sk\/index.php\/wp-json\/wp\/v2\/comments?post=1112"}],"version-history":[{"count":4,"href":"http:\/\/web2.pssr.sk\/index.php\/wp-json\/wp\/v2\/pages\/1112\/revisions"}],"predecessor-version":[{"id":1141,"href":"http:\/\/web2.pssr.sk\/index.php\/wp-json\/wp\/v2\/pages\/1112\/revisions\/1141"}],"wp:attachment":[{"href":"http:\/\/web2.pssr.sk\/index.php\/wp-json\/wp\/v2\/media?parent=1112"}],"curies":[{"name":"wp","href":"https:\/\/api.w.org\/{rel}","templated":true}]}}