{"id":1137,"date":"2026-04-15T11:00:59","date_gmt":"2026-04-15T11:00:59","guid":{"rendered":"http:\/\/web2.pssr.sk\/?page_id=1137"},"modified":"2026-04-15T11:01:57","modified_gmt":"2026-04-15T11:01:57","slug":"site-map","status":"publish","type":"page","link":"http:\/\/web2.pssr.sk\/index.php\/en\/site-map\/","title":{"rendered":"Site Map"},"content":{"rendered":"<ul class=\"wp-block-page-list\"><li class=\"wp-block-pages-list__item\"><a class=\"wp-block-pages-list__item__link\" href=\"http:\/\/web2.pssr.sk\/index.php\/sk\/cehz-ako-zaregistrovat-farmu-a-zvierata\/\">Ako zaregistrova\u0165 farmu a zvierat\u00e1<\/a><\/li><li class=\"wp-block-pages-list__item\"><a class=\"wp-block-pages-list__item__link\" href=\"http:\/\/web2.pssr.sk\/index.php\/en\/annual-reports\/\">Annual Reports<\/a><\/li><li class=\"wp-block-pages-list__item\"><a class=\"wp-block-pages-list__item__link\" href=\"http:\/\/web2.pssr.sk\/index.php\/en\/basic-information\/\">Basic Information<\/a><\/li><li class=\"wp-block-pages-list__item\"><a class=\"wp-block-pages-list__item__link\" href=\"http:\/\/web2.pssr.sk\/index.php\/en\/billy-goat-purchase-markets\/\">Billy Goat Purchase Markets<\/a><\/li><li class=\"wp-block-pages-list__item\"><a class=\"wp-block-pages-list__item__link\" href=\"http:\/\/web2.pssr.sk\/index.php\/en\/career\/\">Career<\/a><\/li><li class=\"wp-block-pages-list__item\"><a class=\"wp-block-pages-list__item__link\" href=\"http:\/\/web2.pssr.sk\/index.php\/en\/catalogs-of-pigs\/\">Catalogs of pigs<\/a><\/li><li class=\"wp-block-pages-list__item\"><a class=\"wp-block-pages-list__item__link\" href=\"http:\/\/web2.pssr.sk\/index.php\/en\/cattle\/\">Cattle<\/a><\/li><li class=\"wp-block-pages-list__item\"><a class=\"wp-block-pages-list__item__link\" href=\"http:\/\/web2.pssr.sk\/index.php\/en\/central-milk-analysis-laboratory\/\">Central Milk Analysis Laboratory<\/a><\/li><li class=\"wp-block-pages-list__item\"><a class=\"wp-block-pages-list__item__link\" href=\"http:\/\/web2.pssr.sk\/index.php\/en\/central-register\/\">Central register<\/a><\/li><li class=\"wp-block-pages-list__item\"><a class=\"wp-block-pages-list__item__link\" href=\"http:\/\/web2.pssr.sk\/index.php\/sk\/centralne-laboratorium-rozboru-mlieka\/\">Centr\u00e1lne laborat\u00f3rium rozboru mlieka<\/a><\/li><li class=\"wp-block-pages-list__item\"><a class=\"wp-block-pages-list__item__link\" href=\"http:\/\/web2.pssr.sk\/index.php\/sk\/centralny-register\/\">Centr\u00e1lny register hospod\u00e1rskych zvierat<\/a><\/li><li class=\"wp-block-pages-list__item\"><a class=\"wp-block-pages-list__item__link\" href=\"http:\/\/web2.pssr.sk\/index.php\/sk\/ciselniky\/\">\u010c\u00edseln\u00edky<\/a><\/li><li class=\"wp-block-pages-list__item\"><a class=\"wp-block-pages-list__item__link\" href=\"http:\/\/web2.pssr.sk\/index.php\/en\/codelists\/\">Codelists<\/a><\/li><li class=\"wp-block-pages-list__item\"><a class=\"wp-block-pages-list__item__link\" href=\"http:\/\/web2.pssr.sk\/index.php\/en\/contacts\/\">Contacts<\/a><\/li><li class=\"wp-block-pages-list__item\"><a class=\"wp-block-pages-list__item__link\" href=\"http:\/\/web2.pssr.sk\/index.php\/en\/contracts\/\">Contracts<\/a><\/li><li class=\"wp-block-pages-list__item\"><a class=\"wp-block-pages-list__item__link\" href=\"http:\/\/web2.pssr.sk\/index.php\/sk\/crhz-hovadzi-dobytok\/\">CRHZ &#8211; Hov\u00e4dz\u00ed dobytok<\/a><\/li><li class=\"wp-block-pages-list__item\"><a class=\"wp-block-pages-list__item__link\" href=\"http:\/\/web2.pssr.sk\/index.php\/sk\/crhz-hydina-a-bezce\/\">CRHZ &#8211; Hydina a be\u017ece<\/a><\/li><li class=\"wp-block-pages-list__item\"><a class=\"wp-block-pages-list__item__link\" href=\"http:\/\/web2.pssr.sk\/index.php\/sk\/konovite-zvierata\/\">CRHZ &#8211; Ko\u0148ovit\u00e9 zvierat\u00e1<\/a><\/li><li class=\"wp-block-pages-list__item\"><a class=\"wp-block-pages-list__item__link\" href=\"http:\/\/web2.pssr.sk\/index.php\/sk\/crhz-osipane\/\">CRHZ &#8211; O\u0161\u00edpan\u00e9<\/a><\/li><li class=\"wp-block-pages-list__item\"><a class=\"wp-block-pages-list__item__link\" href=\"http:\/\/web2.pssr.sk\/index.php\/sk\/crhz-ovce-a-kozy\/\">CRHZ &#8211; Ovce a kozy<\/a><\/li><li class=\"wp-block-pages-list__item\"><a class=\"wp-block-pages-list__item__link\" href=\"http:\/\/web2.pssr.sk\/index.php\/sk\/crhz-vcely\/\">CRHZ &#8211; V\u010dely<\/a><\/li><li class=\"wp-block-pages-list__item\"><a class=\"wp-block-pages-list__item__link\" href=\"http:\/\/web2.pssr.sk\/index.php\/en\/crhz-bees\/\">CRHZ \u2013 Bees<\/a><\/li><li class=\"wp-block-pages-list__item\"><a class=\"wp-block-pages-list__item__link\" href=\"http:\/\/web2.pssr.sk\/index.php\/en\/crhz-cattle\/\">CRHZ \u2013 Cattle<\/a><\/li><li class=\"wp-block-pages-list__item\"><a class=\"wp-block-pages-list__item__link\" href=\"http:\/\/web2.pssr.sk\/index.php\/en\/crhz-equine-animals\/\">CRHZ \u2013 Equine Animals<\/a><\/li><li class=\"wp-block-pages-list__item\"><a class=\"wp-block-pages-list__item__link\" href=\"http:\/\/web2.pssr.sk\/index.php\/en\/crhz-pigs\/\">CRHZ \u2013 Pigs<\/a><\/li><li class=\"wp-block-pages-list__item\"><a class=\"wp-block-pages-list__item__link\" href=\"http:\/\/web2.pssr.sk\/index.php\/en\/crhz-poultry-and-ratites\/\">CRHZ \u2013 Poultry and Ratites<\/a><\/li><li class=\"wp-block-pages-list__item\"><a class=\"wp-block-pages-list__item__link\" href=\"http:\/\/web2.pssr.sk\/index.php\/en\/crhz-sheep-and-goats\/\">CRHZ \u2013 Sheep and Goats<\/a><\/li><li class=\"wp-block-pages-list__item\"><a class=\"wp-block-pages-list__item__link\" href=\"http:\/\/web2.pssr.sk\/index.php\/en\/directorate\/\">Directorate<\/a><\/li><li class=\"wp-block-pages-list__item\"><a class=\"wp-block-pages-list__item__link\" href=\"http:\/\/web2.pssr.sk\/index.php\/sk\/distribucne-centrum\/\">Distribu\u010dn\u00e9 centrum<\/a><\/li><li class=\"wp-block-pages-list__item\"><a class=\"wp-block-pages-list__item__link\" href=\"http:\/\/web2.pssr.sk\/index.php\/en\/distribution-centre\/\">Distribution Centre<\/a><\/li><li class=\"wp-block-pages-list__item\"><a class=\"wp-block-pages-list__item__link\" href=\"http:\/\/web2.pssr.sk\/index.php\/en\/dna-sample-collection\/\">DNA Sample Collection<\/a><\/li><li class=\"wp-block-pages-list__item\"><a class=\"wp-block-pages-list__item__link\" href=\"http:\/\/web2.pssr.sk\/index.php\/sk\/doskolovacie-pracovisko\/\">Do\u0161kolovacie pracovisko<\/a><\/li><li class=\"wp-block-pages-list__item\"><a class=\"wp-block-pages-list__item__link\" href=\"http:\/\/web2.pssr.sk\/index.php\/en\/downloads\/\">Downloads<\/a><\/li><li class=\"wp-block-pages-list__item\"><a class=\"wp-block-pages-list__item__link\" href=\"http:\/\/web2.pssr.sk\/index.php\/en\/farmers-access-to-the-crhz\/\">Farmer&#8217;s access to the CRHZ<\/a><\/li><li class=\"wp-block-pages-list__item\"><a class=\"wp-block-pages-list__item__link\" href=\"http:\/\/web2.pssr.sk\/index.php\/en\/financial-plan-fulfilment\/\">Financial Plan Fulfilment<\/a><\/li><li class=\"wp-block-pages-list__item\"><a class=\"wp-block-pages-list__item__link\" href=\"http:\/\/web2.pssr.sk\/index.php\/en\/forms-central-register-of-farm-animals\/\">Forms \u2013 Central Register of Farm Animals<\/a><\/li><li class=\"wp-block-pages-list__item\"><a class=\"wp-block-pages-list__item__link\" href=\"http:\/\/web2.pssr.sk\/index.php\/en\/forms-genetic-laboratory\/\">Forms \u2013 Genetic Laboratory<\/a><\/li><li class=\"wp-block-pages-list__item\"><a class=\"wp-block-pages-list__item__link\" href=\"http:\/\/web2.pssr.sk\/index.php\/en\/forms-performance-testing\/\">Forms \u2013 Performance Testing<\/a><\/li><li class=\"wp-block-pages-list__item\"><a class=\"wp-block-pages-list__item__link\" href=\"http:\/\/web2.pssr.sk\/index.php\/en\/genetic-evaluation\/\">Genetic Evaluation<\/a><\/li><li class=\"wp-block-pages-list__item\"><a class=\"wp-block-pages-list__item__link\" href=\"http:\/\/web2.pssr.sk\/index.php\/en\/genetic-evaluation-of-pigs\/\">Genetic evaluation of pigs<\/a><\/li><li class=\"wp-block-pages-list__item\"><a class=\"wp-block-pages-list__item__link\" href=\"http:\/\/web2.pssr.sk\/index.php\/en\/genetic-laboratory\/\">Genetic Laboratory<\/a><\/li><li class=\"wp-block-pages-list__item\"><a class=\"wp-block-pages-list__item__link\" href=\"http:\/\/web2.pssr.sk\/index.php\/sk\/geneticke-hodnotenie\/\">Genetick\u00e9 hodnotenie<\/a><\/li><li class=\"wp-block-pages-list__item\"><a class=\"wp-block-pages-list__item__link\" href=\"http:\/\/web2.pssr.sk\/index.php\/sk\/geneticke-hodnotenie-osipane\/\">Genetick\u00e9 hodnotenie o\u0161\u00edpan\u00e9<\/a><\/li><li class=\"wp-block-pages-list__item\"><a class=\"wp-block-pages-list__item__link\" href=\"http:\/\/web2.pssr.sk\/index.php\/sk\/geneticke-laboratorium\/\">Genetick\u00e9 laborat\u00f3rium<\/a><\/li><li class=\"wp-block-pages-list__item\"><a class=\"wp-block-pages-list__item__link\" href=\"http:\/\/web2.pssr.sk\/index.php\/en\/goats\/\">Goats<\/a><\/li><li class=\"wp-block-pages-list__item\"><a class=\"wp-block-pages-list__item__link\" href=\"http:\/\/web2.pssr.sk\/index.php\/sk\/hovadzi-dobytok\/\">Hov\u00e4dz\u00ed dobytok<\/a><\/li><li class=\"wp-block-pages-list__item\"><a class=\"wp-block-pages-list__item__link\" href=\"http:\/\/web2.pssr.sk\/index.php\/en\/how-to-register-a-farm-and-animals\/\">How to register a farm and animals<\/a><\/li><li class=\"wp-block-pages-list__item\"><a class=\"wp-block-pages-list__item__link\" href=\"http:\/\/web2.pssr.sk\/index.php\/sk\/hydina-a-bezce\/\">Hydina a be\u017ece<\/a><\/li><li class=\"wp-block-pages-list__item\"><a class=\"wp-block-pages-list__item__link\" href=\"http:\/\/web2.pssr.sk\/index.php\/en\/icar-international-association-for-animal-performance-testing\/\">ICAR \u2013 International Association for Animal Performance Testing<\/a><\/li><li class=\"wp-block-pages-list__item\"><a class=\"wp-block-pages-list__item__link\" href=\"http:\/\/web2.pssr.sk\/index.php\/sk\/icar-medzinarodna-organizacia-pre-kontrolu-uzitkovosti\/\">ICAR \u2013 medzin\u00e1rodn\u00e1 organiz\u00e1cia pre kontrolu \u00fa\u017eitkovosti<\/a><\/li><li class=\"wp-block-pages-list__item\"><a class=\"wp-block-pages-list__item__link\" href=\"http:\/\/web2.pssr.sk\/index.php\/sk\/kariera\/\">Kari\u00e9ra<\/a><\/li><li class=\"wp-block-pages-list__item\"><a class=\"wp-block-pages-list__item__link\" href=\"http:\/\/web2.pssr.sk\/index.php\/sk\/katalogy-osipane\/\">Katal\u00f3gy o\u0161\u00edpan\u00e9<\/a><\/li><li class=\"wp-block-pages-list__item\"><a class=\"wp-block-pages-list__item__link\" href=\"http:\/\/web2.pssr.sk\/index.php\/sk\/kontakty\/\">Kontakty<\/a><\/li><li class=\"wp-block-pages-list__item\"><a class=\"wp-block-pages-list__item__link\" href=\"http:\/\/web2.pssr.sk\/index.php\/sk\/kozy\/\">Kozy<\/a><\/li><li class=\"wp-block-pages-list__item\"><a class=\"wp-block-pages-list__item__link\" href=\"http:\/\/web2.pssr.sk\/index.php\/en\/legislation\/\">Legislation<\/a><\/li><li class=\"wp-block-pages-list__item\"><a class=\"wp-block-pages-list__item__link\" href=\"http:\/\/web2.pssr.sk\/index.php\/sk\/legislativa\/\">Legislat\u00edva<\/a><\/li><li class=\"wp-block-pages-list__item\"><a class=\"wp-block-pages-list__item__link\" href=\"http:\/\/web2.pssr.sk\/index.php\/en\/list-of-incorrect-data\/\">List of incorrect data<\/a><\/li><li class=\"wp-block-pages-list__item\"><a class=\"wp-block-pages-list__item__link\" href=\"http:\/\/web2.pssr.sk\/index.php\/sk\/mapa-stranky\/\">Mapa str\u00e1nky<\/a><\/li><li class=\"wp-block-pages-list__item\"><a class=\"wp-block-pages-list__item__link\" href=\"http:\/\/web2.pssr.sk\/index.php\/sk\/na-stiahnutie\/\">Na stiahnutie<\/a><\/li><li class=\"wp-block-pages-list__item\"><a class=\"wp-block-pages-list__item__link\" href=\"http:\/\/web2.pssr.sk\/index.php\/sk\/nahlasenie-kybernetickej-zranitelnosti\/\">Nahl\u00e1senie kybernetickej zranite\u013enosti<\/a><\/li><li class=\"wp-block-pages-list__item\"><a class=\"wp-block-pages-list__item__link\" href=\"http:\/\/web2.pssr.sk\/index.php\/sk\/nakupne-trhy-capov\/\">N\u00e1kupn\u00e9 trhy capov<\/a><\/li><li class=\"wp-block-pages-list__item\"><a class=\"wp-block-pages-list__item__link\" href=\"http:\/\/web2.pssr.sk\/index.php\/en\/notice-regarding-the-use-of-cookies\/\">Notice Regarding the Use of Cookies<\/a><\/li><li class=\"wp-block-pages-list__item\"><a class=\"wp-block-pages-list__item__link\" href=\"http:\/\/web2.pssr.sk\/index.php\/sk\/objednavky-a-faktury\/\">Objedn\u00e1vky a fakt\u00fary<\/a><\/li><li class=\"wp-block-pages-list__item\"><a class=\"wp-block-pages-list__item__link\" href=\"http:\/\/web2.pssr.sk\/index.php\/sk\/odber-vzoriek-pre-dna-test\/\">Odber vzoriek pre DNA test<\/a><\/li><li class=\"wp-block-pages-list__item\"><a class=\"wp-block-pages-list__item__link\" href=\"http:\/\/web2.pssr.sk\/index.php\/en\/orders-and-invoices\/\">Orders and Invoices<\/a><\/li><li class=\"wp-block-pages-list__item\"><a class=\"wp-block-pages-list__item__link\" href=\"http:\/\/web2.pssr.sk\/index.php\/en\/organisational-structure\/\">Organisational Structure<\/a><\/li><li class=\"wp-block-pages-list__item\"><a class=\"wp-block-pages-list__item__link\" href=\"http:\/\/web2.pssr.sk\/index.php\/sk\/organizacna-struktura\/\">Organiza\u010dn\u00e1 \u0161trukt\u00fara<\/a><\/li><li class=\"wp-block-pages-list__item\"><a class=\"wp-block-pages-list__item__link\" href=\"http:\/\/web2.pssr.sk\/index.php\/sk\/osipane\/\">O\u0161\u00edpan\u00e9<\/a><\/li><li class=\"wp-block-pages-list__item\"><a class=\"wp-block-pages-list__item__link\" href=\"http:\/\/web2.pssr.sk\/index.php\/sk\/osobne-udaje\/\">Osobn\u00e9 \u00fadaje<\/a><\/li><li class=\"wp-block-pages-list__item\"><a class=\"wp-block-pages-list__item__link\" href=\"http:\/\/web2.pssr.sk\/index.php\/sk\/ovce\/\">Ovce<\/a><\/li><li class=\"wp-block-pages-list__item\"><a class=\"wp-block-pages-list__item__link\" href=\"http:\/\/web2.pssr.sk\/index.php\/sk\/cookies\/\">Ozn\u00e1menie o pou\u017e\u00edvan\u00ed s\u00faborov cookies<\/a><\/li><li class=\"wp-block-pages-list__item\"><a class=\"wp-block-pages-list__item__link\" href=\"http:\/\/web2.pssr.sk\/index.php\/en\/personal-data\/\">Personal Data<\/a><\/li><li class=\"wp-block-pages-list__item\"><a class=\"wp-block-pages-list__item__link\" href=\"http:\/\/web2.pssr.sk\/index.php\/en\/pigs\/\">Pigs<\/a><\/li><li class=\"wp-block-pages-list__item menu-item-home\"><a class=\"wp-block-pages-list__item__link\" href=\"http:\/\/web2.pssr.sk\/index.php\/sk\/plemenarske-sluzby-slovenskej-republiky-s-p\/\">Plemen\u00e1rske slu\u017eby Slovenskej republiky, \u0161.p.<\/a><\/li><li class=\"wp-block-pages-list__item\"><a class=\"wp-block-pages-list__item__link\" href=\"http:\/\/web2.pssr.sk\/index.php\/sk\/plnenie-financneho-planu\/\">Plnenie finan\u010dn\u00e9ho pl\u00e1nu<\/a><\/li><li class=\"wp-block-pages-list__item\"><a class=\"wp-block-pages-list__item__link\" href=\"http:\/\/web2.pssr.sk\/index.php\/en\/poultry-and-ratites\/\">Poultry and Ratites<\/a><\/li><li class=\"wp-block-pages-list__item\"><a class=\"wp-block-pages-list__item__link\" href=\"http:\/\/web2.pssr.sk\/index.php\/sk\/prirucky-k-programom\/\">Pr\u00edru\u010dky k programom<\/a><\/li><li class=\"wp-block-pages-list__item\"><a class=\"wp-block-pages-list__item__link\" href=\"http:\/\/web2.pssr.sk\/index.php\/sk\/pristup-farmara-do-crhz\/\">Pr\u00edstup farm\u00e1ra do CRHZ<\/a><\/li><li class=\"wp-block-pages-list__item\"><a class=\"wp-block-pages-list__item__link\" href=\"http:\/\/web2.pssr.sk\/index.php\/en\/programme-manuals\/\">Programme Manuals<\/a><\/li><li class=\"wp-block-pages-list__item\"><a class=\"wp-block-pages-list__item__link\" href=\"http:\/\/web2.pssr.sk\/index.php\/en\/public-procurement\/\">Public Procurement<\/a><\/li><li class=\"wp-block-pages-list__item\"><a class=\"wp-block-pages-list__item__link\" href=\"http:\/\/web2.pssr.sk\/index.php\/en\/publications\/\">Publications<\/a><\/li><li class=\"wp-block-pages-list__item\"><a class=\"wp-block-pages-list__item__link\" href=\"http:\/\/web2.pssr.sk\/index.php\/sk\/publikacna-cinnost\/\">Publika\u010dn\u00e1 \u010dinnos\u0165<\/a><\/li><li class=\"wp-block-pages-list__item\"><a class=\"wp-block-pages-list__item__link\" href=\"http:\/\/web2.pssr.sk\/index.php\/en\/regional-centre-central\/\">Regional Centre Central<\/a><\/li><li class=\"wp-block-pages-list__item\"><a class=\"wp-block-pages-list__item__link\" href=\"http:\/\/web2.pssr.sk\/index.php\/en\/regional-centre-east\/\">Regional Centre East<\/a><\/li><li class=\"wp-block-pages-list__item\"><a class=\"wp-block-pages-list__item__link\" href=\"http:\/\/web2.pssr.sk\/index.php\/en\/regional-centre-west\/\">Regional Centre West<\/a><\/li><li class=\"wp-block-pages-list__item\"><a class=\"wp-block-pages-list__item__link\" href=\"http:\/\/web2.pssr.sk\/index.php\/sk\/regionalne-strediska\/\">Region\u00e1lne stredisk\u00e1<\/a><\/li><li class=\"wp-block-pages-list__item\"><a class=\"wp-block-pages-list__item__link\" href=\"http:\/\/web2.pssr.sk\/index.php\/sk\/regionalne-stredisko-stred\/\">Region\u00e1lne stredisko Stred<\/a><\/li><li class=\"wp-block-pages-list__item\"><a class=\"wp-block-pages-list__item__link\" href=\"http:\/\/web2.pssr.sk\/index.php\/sk\/regionalne-stredisko-zapad\/\">Region\u00e1lne stredisko V\u00fdchod<\/a><\/li><li class=\"wp-block-pages-list__item\"><a class=\"wp-block-pages-list__item__link\" href=\"http:\/\/web2.pssr.sk\/index.php\/sk\/regionalne-stredisko-zapad-2\/\">Region\u00e1lne stredisko Z\u00e1pad<\/a><\/li><li class=\"wp-block-pages-list__item\"><a class=\"wp-block-pages-list__item__link\" href=\"http:\/\/web2.pssr.sk\/index.php\/en\/report-a-vulnerability\/\">Report a Vulnerability<\/a><\/li><li class=\"wp-block-pages-list__item\"><a class=\"wp-block-pages-list__item__link\" href=\"http:\/\/web2.pssr.sk\/index.php\/en\/retraining-centre\/\">Retraining Centre<\/a><\/li><li class=\"wp-block-pages-list__item\"><a class=\"wp-block-pages-list__item__link\" href=\"http:\/\/web2.pssr.sk\/index.php\/sk\/riaditelstvo\/\">Riadite\u013estvo<\/a><\/li><li class=\"wp-block-pages-list__item\"><a class=\"wp-block-pages-list__item__link\" href=\"http:\/\/web2.pssr.sk\/index.php\/en\/sheep\/\">Sheep<\/a><\/li><li class=\"wp-block-pages-list__item\"><a class=\"wp-block-pages-list__item__link\" href=\"http:\/\/web2.pssr.sk\/index.php\/en\/site-map\/\">Site Map<\/a><\/li><li class=\"wp-block-pages-list__item\"><a class=\"wp-block-pages-list__item__link\" href=\"http:\/\/web2.pssr.sk\/index.php\/sk\/softver-pre-chovatela\/\">Softv\u00e9r pre chovate\u013ea<\/a><\/li><li class=\"wp-block-pages-list__item\"><a class=\"wp-block-pages-list__item__link\" href=\"http:\/\/web2.pssr.sk\/index.php\/en\/software-for-breeders\/\">Software for Breeders<\/a><\/li><li class=\"wp-block-pages-list__item\"><a class=\"wp-block-pages-list__item__link\" href=\"http:\/\/web2.pssr.sk\/index.php\/en\/specialized-breeding-facility\/\">Specialized breeding facility<\/a><\/li><li class=\"wp-block-pages-list__item\"><a class=\"wp-block-pages-list__item__link\" href=\"http:\/\/web2.pssr.sk\/index.php\/sk\/sumarne-pocty-a-zoznamy-fariem\/\">Sum\u00e1rne po\u010dty a zoznamy fariem<\/a><\/li><li class=\"wp-block-pages-list__item\"><a class=\"wp-block-pages-list__item__link\" href=\"http:\/\/web2.pssr.sk\/index.php\/en\/summary-counts-and-farm-lists\/\">Summary Counts and Farm Lists<\/a><\/li><li class=\"wp-block-pages-list__item\"><a class=\"wp-block-pages-list__item__link\" href=\"http:\/\/web2.pssr.sk\/index.php\/en\/the-breeding-services-of-the-slovak-republic-s-e\/\">The Breeding Services of the Slovak Republic, s.e.<\/a><\/li><li class=\"wp-block-pages-list__item\"><a class=\"wp-block-pages-list__item__link\" href=\"http:\/\/web2.pssr.sk\/index.php\/sk\/tlaciva-centralneho-registra-hospodarskych-zvierat\/\">Tla\u010div\u00e1 centr\u00e1lneho registra hospod\u00e1rskych zvierat<\/a><\/li><li class=\"wp-block-pages-list__item\"><a class=\"wp-block-pages-list__item__link\" href=\"http:\/\/web2.pssr.sk\/index.php\/sk\/tlaciva-genetickeho-laboratoria\/\">Tla\u010div\u00e1 genetick\u00e9ho laborat\u00f3ria<\/a><\/li><li class=\"wp-block-pages-list__item\"><a class=\"wp-block-pages-list__item__link\" href=\"http:\/\/web2.pssr.sk\/index.php\/sk\/tlaciva-kontroly-uzitkovosti\/\">Tla\u010div\u00e1 kontroly \u00fa\u017eitkovosti<\/a><\/li><li class=\"wp-block-pages-list__item\"><a class=\"wp-block-pages-list__item__link\" href=\"http:\/\/web2.pssr.sk\/index.php\/sk\/ucelove-plemenarske-zariadenie\/\">\u00da\u010delov\u00e9 plemen\u00e1rske zariadenie<\/a><\/li><li class=\"wp-block-pages-list__item\"><a class=\"wp-block-pages-list__item__link\" href=\"http:\/\/web2.pssr.sk\/index.php\/sk\/verejne-obstaravanie\/\">Verejn\u00e9 obstar\u00e1vanie<\/a><\/li><li class=\"wp-block-pages-list__item\"><a class=\"wp-block-pages-list__item__link\" href=\"http:\/\/web2.pssr.sk\/index.php\/sk\/vyhlasenie-o-pristupnosti\/\">Vyhl\u00e1senie o pr\u00edstupnosti<\/a><\/li><li class=\"wp-block-pages-list__item\"><a class=\"wp-block-pages-list__item__link\" href=\"http:\/\/web2.pssr.sk\/index.php\/sk\/vypis-chybnych-dat\/\">V\u00fdpis chybn\u00fdch d\u00e1t<\/a><\/li><li class=\"wp-block-pages-list__item\"><a class=\"wp-block-pages-list__item__link\" href=\"http:\/\/web2.pssr.sk\/index.php\/sk\/vyrocne-spravy\/\">V\u00fdro\u010dn\u00e9 spr\u00e1vy<\/a><\/li><li class=\"wp-block-pages-list__item\"><a class=\"wp-block-pages-list__item__link\" href=\"http:\/\/web2.pssr.sk\/index.php\/sk\/cehz-zakladne-informacie\/\">Z\u00e1kladn\u00e9 inform\u00e1cie<\/a><\/li><li class=\"wp-block-pages-list__item\"><a class=\"wp-block-pages-list__item__link\" href=\"http:\/\/web2.pssr.sk\/index.php\/sk\/zmluvy\/\">Zmluvy<\/a><\/li><\/ul>","protected":false},"excerpt":{"rendered":"","protected":false},"author":1,"featured_media":0,"parent":0,"menu_order":0,"comment_status":"closed","ping_status":"closed","template":"","meta":{"footnotes":""},"class_list":["post-1137","page","type-page","status-publish","hentry"],"_links":{"self":[{"href":"http:\/\/web2.pssr.sk\/index.php\/wp-json\/wp\/v2\/pages\/1137","targetHints":{"allow":["GET"]}}],"collection":[{"href":"http:\/\/web2.pssr.sk\/index.php\/wp-json\/wp\/v2\/pages"}],"about":[{"href":"http:\/\/web2.pssr.sk\/index.php\/wp-json\/wp\/v2\/types\/page"}],"author":[{"embeddable":true,"href":"http:\/\/web2.pssr.sk\/index.php\/wp-json\/wp\/v2\/users\/1"}],"replies":[{"embeddable":true,"href":"http:\/\/web2.pssr.sk\/index.php\/wp-json\/wp\/v2\/comments?post=1137"}],"version-history":[{"count":2,"href":"http:\/\/web2.pssr.sk\/index.php\/wp-json\/wp\/v2\/pages\/1137\/revisions"}],"predecessor-version":[{"id":1139,"href":"http:\/\/web2.pssr.sk\/index.php\/wp-json\/wp\/v2\/pages\/1137\/revisions\/1139"}],"wp:attachment":[{"href":"http:\/\/web2.pssr.sk\/index.php\/wp-json\/wp\/v2\/media?parent=1137"}],"curies":[{"name":"wp","href":"https:\/\/api.w.org\/{rel}","templated":true}]}}