{"id":138,"date":"2026-03-07T21:29:27","date_gmt":"2026-03-07T21:29:27","guid":{"rendered":"http:\/\/web2.pssr.sk\/?page_id=138"},"modified":"2026-04-15T12:43:35","modified_gmt":"2026-04-15T12:43:35","slug":"crhz-osipane","status":"publish","type":"page","link":"http:\/\/web2.pssr.sk\/index.php\/sk\/crhz-osipane\/","title":{"rendered":"CRHZ &#8211; O\u0161\u00edpan\u00e9"},"content":{"rendered":"\n<h2 class=\"wp-block-heading\">Ozna\u010dovanie o\u0161\u00edpan\u00fdch<\/h2>\n\n\n\n<ul class=\"wp-block-list\">\n<li>Skupinov\u00e9 ozna\u010dovanie o\u0161\u00edpan\u00fdch je z\u00e1kladn\u00fdm predpokladom pre vedenie centr\u00e1lnej evidencie.<\/li>\n\n\n\n<li>Registra\u010dn\u00e9 \u010d\u00edslo o\u0161\u00edpan\u00fdch \u2013 identifika\u010dn\u00e9 \u010d\u00edslo skupiny o\u0161\u00edpan\u00fdch, ktor\u00fdm s\u00fa o\u0161\u00edpan\u00e9 ozna\u010den\u00e9.<\/li>\n\n\n\n<li>O\u0161\u00edpan\u00e9 sa ozna\u010duj\u00fa tetovan\u00edm alebo plastov\u00fdmi u\u0161n\u00fdmi zna\u010dkami.<\/li>\n\n\n\n<li>Ka\u017ed\u00e1 o\u0161\u00edpan\u00e1 sa ozna\u010duje plastovou u\u0161nou zna\u010dkou do \u013eavej u\u0161nice alebo tetovan\u00edm do \u013eavej u\u0161nice alebo plo\u0161n\u00fdm tetovan\u00edm na \u013eav\u00fa stranu tela.<\/li>\n\n\n\n<li>Plastov\u00e1 u\u0161n\u00e1 zna\u010dka pou\u017e\u00edvan\u00e1 na ozna\u010dovanie o\u0161\u00edpan\u00fdch obsahuje:<\/li>\n<\/ul>\n\n\n\n<p>\u2013 dva znaky, ktor\u00e9 ozna\u010duj\u00fa k\u00f3d krajiny (p\u00edsmen\u00e1 \u201eSK\u201c pre Slovensk\u00fa republiku)<br>\u2013 p\u00e4\u0165 znakov, ktor\u00e9 ozna\u010duj\u00fa registra\u010dn\u00e9 \u010d\u00edslo chovu, v ktorom sa o\u0161\u00edpan\u00e1 narodila<br>\u2013 grafick\u00fd znak (logo), meno alebo k\u00f3d organiz\u00e1cie poverenej veden\u00edm centr\u00e1lnej evidencie o\u0161\u00edpan\u00fdch<\/p>\n\n\n\n<p>U\u0161n\u00e9 zna\u010dky, inform\u00e1cie a doklady potrebn\u00e9 k vedeniu centr\u00e1lnej evidencie poskytuj\u00fa region\u00e1lne stredisk\u00e1 Plemen\u00e1rske slu\u017eby SR, \u0161.p.<\/p>\n\n\n\n<p>Aktu\u00e1lne k<strong>\u00f3dy a n\u00e1zvy plemien, kraj\u00edn, udalost\u00ed a ostatn\u00e9 \u010d\u00edslen\u00edky<\/strong> potrebn\u00e9 k vedeniu centr\u00e1lnej evidencie n\u00e1jdete vo Vo\u013enom pr\u00edstupe k d\u00e1tam CRHZ v \u010dasti <strong>Z\u00e1kladn\u00e9 \u010d\u00edseln\u00edky<\/strong> na <a href=\"https:\/\/www.cehz.sk\" target=\"_blank\" rel=\"noreferrer noopener\">www.cehz.sk<\/a><\/p>\n\n\n\n<p><strong>Kontakt:<\/strong><\/p>\n\n\n\n<p><strong><a href=\"tel:+421415073744\">+421 41 5073 744<\/a><\/strong> \u201ehotline slu\u017eba pre verejnos\u0165\u201c od 8:00 do 15:00 hod.<\/p>\n\n\n\n<p><strong>Centr\u00e1lny register hospod\u00e1rskych zvierat (CRHZ)<\/strong><br>Rosinsk\u00e1 cesta 12<br>010 08 \u017dilina<br><a href=\"tel:+421415073744\">+421 41 5073 744<\/a><br><a href=\"mailto:crhz@pssr.sk\">crhz@pssr.sk<\/a><\/p>\n\n\n\n\t<div class=\"govuk-accordion\" data-module=\"idsk-accordion\" id=\"d3XGqGTXYslRE5scyEfYy\">\n\t\t<div class=\"govuk-accordion__controls\">\n\t\t\t<button class=\"govuk-accordion__open-all\"\n\t\t\t\tdata-open-title=\"Open all\"\n\t\t\t\tdata-close-title=\"Close all\"\n\t\t\t\ttype=\"button\"\n\t\t\t\taria-expanded=\"false\"\n\t\t\t>\n\t\t\t\t<span class=\"govuk-visually-hidden govuk-accordion__controls-span\" data-section-title=\"sections\"><\/span>\n\t\t\t<\/button>\n\t\t<\/div>\n\n\t\t\t\t\t<div class=\"govuk-accordion__section \">\n\t\t\t\t<div class=\"govuk-accordion__section-header\">\n\t\t\t\t\t<h2 class=\"govuk-accordion__section-heading\">\n\t\t\t\t\t\t<span class=\"govuk-accordion__section-button\" id=\"d3XGqGTXYslRE5scyEfYy-heading-1\">\n\t\t\t\t\t\t\tVyhl\u00e1\u0161ky\t\t\t\t\t\t<\/span>\n\t\t\t\t\t<\/h2>\n\t\t\t\t\t<div class=\"govuk-accordion__section-summary govuk-body\" id=\"d3XGqGTXYslRE5scyEfYy-summary-1\">\n\t\t\t\t\t\t\t\t\t\t\t<\/div>\n\t\t\t\t<\/div>\n\t\t\t\t<div id=\"d3XGqGTXYslRE5scyEfYy-content-1\"\n\t\t\t\t\tclass=\"govuk-accordion__section-content\"\n\t\t\t\t\taria-labelledby=\"d3XGqGTXYslRE5scyEfYy-heading-1\"\n\t\t\t\t>\n\t\t\t\t\t<a href=\"https:\/\/pssr.sk\/wp-content\/uploads\/cehz\/subory\/os\/VyhlaskaOS_441_2024.pdf\">Vyhl\u00e1\u0161ka Ministerstva p\u00f4dohospod\u00e1rstva a rozvoja vidieka Slovenskej republiky \u010d. 441 z 13. novembra 2023, ktorou sa men\u00ed vyhl\u00e1\u0161ka Ministerstva p\u00f4dohospod\u00e1rstva a rozvoja vidieka Slovenskej republiky \u010d. 17\/2012 Z. z. o identifik\u00e1cii a registr\u00e1cii o\u0161\u00edpan\u00fdch v znen\u00ed neskor\u0161\u00edch predpisov<\/a><br><br><a href=\"https:\/\/pssr.sk\/wp-content\/uploads\/cehz\/subory\/os\/VyhlaskaOS_307_2023.pdf\">Vyhl\u00e1\u0161ka Ministerstva p\u00f4dohospod\u00e1rstva a rozvoja vidieka Slovenskej republiky \u010d. 307 z 19. j\u00fala 2023, ktorou sa men\u00ed vyhl\u00e1\u0161ka Ministerstva p\u00f4dohospod\u00e1rstva a rozvoja vidieka Slovenskej republiky \u010d. 17\/2012 Z. z.,<\/a><br><br><a href=\"https:\/\/pssr.sk\/wp-content\/uploads\/cehz\/subory\/os\/VyhlaskaOS2017.pdf\">Vyhl\u00e1\u0161ka MPRV SR \u010d. 104\/2017 z 25. apr\u00edla 2017, ktorou sa men\u00ed a dop\u013a\u0148a vyhl\u00e1\u0161ka \u010d. 17\/2012 Z.z. o identifik\u00e1cii a registr\u00e1cii o\u0161\u00edpan\u00fdch v znen\u00ed vyhl\u00e1\u0161ky \u010d. 48\/2015 Z.z.<\/a><br><br><a href=\"https:\/\/pssr.sk\/wp-content\/uploads\/cehz\/subory\/os\/vyhlaskaOS2015.pdf\">Vyhl\u00e1\u0161ka MPRV SR \u010d. 48\/2015 Z.z. zo d\u0148a 9. marca 2015, ktorou sa men\u00ed a dop\u013a\u0148a vyhl\u00e1\u0161ka \u010d. 17\/2012 Z. z.<\/a><br><br><a href=\"https:\/\/pssr.sk\/wp-content\/uploads\/cehz\/subory\/os\/vyhlaskaOS.pdf\">Vyhl\u00e1\u0161ka Ministerstva p\u00f4dohospod\u00e1rstva a rozvoja vidieka SR \u010d. 17\/2012 Z.z. zo d\u0148a 13. janu\u00e1ra 2012 o identifik\u00e1cii a registr\u00e1cii o\u0161\u00edpan\u00fdch<\/a><br><br><a href=\"http:\/\/pssr.sk\/wp-content\/uploads\/cehz\/subory\/Info_OS_01072024_chovatelia.pdf\">Pokyny k hl\u00e1seniu zmien a presunov o\u0161\u00edpan\u00fdch od 1.7.2024<\/a>\t\t\t\t<\/div>\n\t\t\t<\/div>\n\t\t\t\t<\/div>\n\n\t\n\n\n<hr class=\"wp-block-separator has-alpha-channel-opacity\"\/>\n\n\n\n<p><a href=\"https:\/\/pssr.sk\/index.php\/sk\/prirucky-k-programom\/\">Register o\u0161\u00edpan\u00fdch v elektronickej podobe \u2013 program WinregO\u0160<\/a><br><a href=\"https:\/\/pssr.sk\/index.php\/sk\/softver-pre-chovatela\/\">Prevodn\u00edk k\u00f3dov fariem medzi registra\u010dn\u00fdm \u010d\u00edslom farmy a registra\u010dn\u00fdm \u010d\u00edslom o\u0161\u00edpan\u00fdch<\/a><\/p>\n","protected":false},"excerpt":{"rendered":"<p>Ozna\u010dovanie o\u0161\u00edpan\u00fdch \u2013 dva znaky, ktor\u00e9 ozna\u010duj\u00fa k\u00f3d krajiny (p\u00edsmen\u00e1 \u201eSK\u201c pre Slovensk\u00fa republiku)\u2013 p\u00e4\u0165 znakov, ktor\u00e9 ozna\u010duj\u00fa registra\u010dn\u00e9 \u010d\u00edslo chovu, v ktorom sa o\u0161\u00edpan\u00e1 narodila\u2013 grafick\u00fd znak (logo), meno alebo k\u00f3d organiz\u00e1cie poverenej veden\u00edm centr\u00e1lnej evidencie o\u0161\u00edpan\u00fdch U\u0161n\u00e9 zna\u010dky, inform\u00e1cie a doklady potrebn\u00e9 k vedeniu centr\u00e1lnej evidencie poskytuj\u00fa region\u00e1lne stredisk\u00e1 Plemen\u00e1rske slu\u017eby SR, \u0161.p&#8230;.<\/p>\n","protected":false},"author":1,"featured_media":0,"parent":0,"menu_order":0,"comment_status":"closed","ping_status":"closed","template":"","meta":{"footnotes":""},"class_list":["post-138","page","type-page","status-publish","hentry"],"_links":{"self":[{"href":"http:\/\/web2.pssr.sk\/index.php\/wp-json\/wp\/v2\/pages\/138","targetHints":{"allow":["GET"]}}],"collection":[{"href":"http:\/\/web2.pssr.sk\/index.php\/wp-json\/wp\/v2\/pages"}],"about":[{"href":"http:\/\/web2.pssr.sk\/index.php\/wp-json\/wp\/v2\/types\/page"}],"author":[{"embeddable":true,"href":"http:\/\/web2.pssr.sk\/index.php\/wp-json\/wp\/v2\/users\/1"}],"replies":[{"embeddable":true,"href":"http:\/\/web2.pssr.sk\/index.php\/wp-json\/wp\/v2\/comments?post=138"}],"version-history":[{"count":4,"href":"http:\/\/web2.pssr.sk\/index.php\/wp-json\/wp\/v2\/pages\/138\/revisions"}],"predecessor-version":[{"id":1191,"href":"http:\/\/web2.pssr.sk\/index.php\/wp-json\/wp\/v2\/pages\/138\/revisions\/1191"}],"wp:attachment":[{"href":"http:\/\/web2.pssr.sk\/index.php\/wp-json\/wp\/v2\/media?parent=138"}],"curies":[{"name":"wp","href":"https:\/\/api.w.org\/{rel}","templated":true}]}}