{"id":265,"date":"2026-03-09T13:53:03","date_gmt":"2026-03-09T13:53:03","guid":{"rendered":"http:\/\/web2.pssr.sk\/?page_id=265"},"modified":"2026-03-14T08:16:44","modified_gmt":"2026-03-14T08:16:44","slug":"crhz-vcely","status":"publish","type":"page","link":"http:\/\/web2.pssr.sk\/index.php\/sk\/crhz-vcely\/","title":{"rendered":"CRHZ &#8211; V\u010dely"},"content":{"rendered":"\n<p><strong>Vlastn\u00edkom v\u010delstva<\/strong> je fyzick\u00e1 osoba, fyzick\u00e1 osoba \u2013 podnikate\u013e alebo pr\u00e1vnick\u00e1 osoba, ktor\u00e1 vlastn\u00ed najmenej jedno v\u010delstvo.<br><br>Za\u010datie a ukon\u010denie chovu v\u010delstva a vznik a z\u00e1nik stanovi\u0161\u0165a v\u010delstva sa do siedmich dn\u00ed oznamuje region\u00e1lnej veterin\u00e1rnej a potravinovej spr\u00e1ve miestne pr\u00edslu\u0161nej pod\u013ea stanovi\u0161\u0165a.<br><br><strong>Registr\u00e1cia<\/strong> alebo zru\u0161enie chovu v\u010delstva, vznik a z\u00e1nik stanovi\u0161\u0165a v\u010delstva sa do siedmich dn\u00ed odo d\u0148a schv\u00e1lenia region\u00e1lnou veterin\u00e1rnou a potravinovou spr\u00e1vou nahlasuje do centr\u00e1lnej evidencie hospod\u00e1rskych zvierat na predp\u00edsanom tla\u010dive.<br><br><strong>Stanovi\u0161\u0165om v\u010delstva<\/strong> je miesto, na ktorom sa nach\u00e1dza v\u010delstvo po\u010das zn\u00e1\u0161ky alebo na ktorom zimuje.<br><br><strong>Ko\u010dovanie<\/strong> je presun v\u010delstva za zn\u00e1\u0161kou rastlinn\u00e9ho p\u00f4vodu alebo \u017eivo\u010d\u00ed\u0161neho p\u00f4vodu na ope\u013eovanie a produkciu medu alebo in\u00fdch v\u010del\u00edch produktov.<br><br><strong>Presunom v\u010delstva<\/strong> je premiestnenie v\u010delstva na prevod vlastn\u00edctva alebo premiestnenie v\u010delstva medzi stanovi\u0161\u0165ami v\u010delstva.<\/p>\n\n\n\n<p><strong>Kontakt:<\/strong><\/p>\n\n\n\n<p><strong><a href=\"tel:+421415073744\">+421 41 5073 744<\/a><\/strong> \u201ehotline slu\u017eba pre verejnos\u0165\u201c od 8:00 do 15:00 hod.<\/p>\n\n\n\n<p><strong>Centr\u00e1lny register hospod\u00e1rskych zvierat (CRHZ)<\/strong><br>Rosinsk\u00e1 cesta 12<br>010 08 \u017dilina<br><a href=\"tel:+421415073744\">+421 41 5073 744<\/a><br><a href=\"mailto:vcelycrhz@pssr.sk\">vcelycrhz@pssr.sk<\/a><\/p>\n\n\n\n\t<div class=\"govuk-accordion\" data-module=\"idsk-accordion\" id=\"ebh_gvov8k8unaNpOcgWF\">\n\t\t<div class=\"govuk-accordion__controls\">\n\t\t\t<button class=\"govuk-accordion__open-all\"\n\t\t\t\tdata-open-title=\"Open all\"\n\t\t\t\tdata-close-title=\"Close all\"\n\t\t\t\ttype=\"button\"\n\t\t\t\taria-expanded=\"false\"\n\t\t\t>\n\t\t\t\t<span class=\"govuk-visually-hidden govuk-accordion__controls-span\" data-section-title=\"sections\"><\/span>\n\t\t\t<\/button>\n\t\t<\/div>\n\n\t\t\t\t\t<div class=\"govuk-accordion__section \">\n\t\t\t\t<div class=\"govuk-accordion__section-header\">\n\t\t\t\t\t<h2 class=\"govuk-accordion__section-heading\">\n\t\t\t\t\t\t<span class=\"govuk-accordion__section-button\" id=\"ebh_gvov8k8unaNpOcgWF-heading-1\">\n\t\t\t\t\t\t\tVyhl\u00e1\u0161ky\t\t\t\t\t\t<\/span>\n\t\t\t\t\t<\/h2>\n\t\t\t\t\t<div class=\"govuk-accordion__section-summary govuk-body\" id=\"ebh_gvov8k8unaNpOcgWF-summary-1\">\n\t\t\t\t\t\t\t\t\t\t\t<\/div>\n\t\t\t\t<\/div>\n\t\t\t\t<div id=\"ebh_gvov8k8unaNpOcgWF-content-1\"\n\t\t\t\t\tclass=\"govuk-accordion__section-content\"\n\t\t\t\t\taria-labelledby=\"ebh_gvov8k8unaNpOcgWF-heading-1\"\n\t\t\t\t>\n\t\t\t\t\t<a href=\"https:\/\/pssr.sk\/wp-content\/uploads\/stiah\/leg\/285-2017.pdf\">Vyhl\u00e1\u0161ka Ministerstva p\u00f4dohospod\u00e1rstva a rozvoja vidieka 285-2017 Z.z. o identifik\u00e1ci\u00ed a registr\u00e1ci\u00ed v\u010delstiev<\/a>\t\t\t\t<\/div>\n\t\t\t<\/div>\n\t\t\t\t<\/div>\n\n\t\n\n\n<hr class=\"wp-block-separator has-alpha-channel-opacity\"\/>\n\n\n\n<p><a href=\"https:\/\/pssr.sk\/wp-content\/uploads\/stiah\/cehz\/Kontrola_vcelstiev.pdf\">Manu\u00e1l pre kontrolu evidencie v\u010delstiev v CEHZ<\/a><br><a href=\"https:\/\/pssr.sk\/wp-content\/uploads\/stiah\/cehz\/Manual_kocovanie.pdf\">Hl\u00e1senie on-line ko\u010dovania cez pr\u00edstup farm\u00e1ra<\/a><br><a href=\"https:\/\/pssr.sk\/wp-content\/uploads\/stiah\/cehz\/Navod_opelovacia_cinnost.pdf\">Postup pri generovan\u00ed zoznamov k ope\u013eovacej \u010dinnosti<\/a><\/p>\n","protected":false},"excerpt":{"rendered":"<p>Vlastn\u00edkom v\u010delstva je fyzick\u00e1 osoba, fyzick\u00e1 osoba \u2013 podnikate\u013e alebo pr\u00e1vnick\u00e1 osoba, ktor\u00e1 vlastn\u00ed najmenej jedno v\u010delstvo. Za\u010datie a ukon\u010denie chovu v\u010delstva a vznik a z\u00e1nik stanovi\u0161\u0165a v\u010delstva sa do siedmich dn\u00ed oznamuje region\u00e1lnej veterin\u00e1rnej a potravinovej spr\u00e1ve miestne pr\u00edslu\u0161nej pod\u013ea stanovi\u0161\u0165a. Registr\u00e1cia alebo zru\u0161enie chovu v\u010delstva, vznik a z\u00e1nik stanovi\u0161\u0165a v\u010delstva sa do siedmich&#8230;<\/p>\n","protected":false},"author":1,"featured_media":0,"parent":0,"menu_order":0,"comment_status":"closed","ping_status":"closed","template":"","meta":{"footnotes":""},"class_list":["post-265","page","type-page","status-publish","hentry"],"_links":{"self":[{"href":"http:\/\/web2.pssr.sk\/index.php\/wp-json\/wp\/v2\/pages\/265","targetHints":{"allow":["GET"]}}],"collection":[{"href":"http:\/\/web2.pssr.sk\/index.php\/wp-json\/wp\/v2\/pages"}],"about":[{"href":"http:\/\/web2.pssr.sk\/index.php\/wp-json\/wp\/v2\/types\/page"}],"author":[{"embeddable":true,"href":"http:\/\/web2.pssr.sk\/index.php\/wp-json\/wp\/v2\/users\/1"}],"replies":[{"embeddable":true,"href":"http:\/\/web2.pssr.sk\/index.php\/wp-json\/wp\/v2\/comments?post=265"}],"version-history":[{"count":2,"href":"http:\/\/web2.pssr.sk\/index.php\/wp-json\/wp\/v2\/pages\/265\/revisions"}],"predecessor-version":[{"id":832,"href":"http:\/\/web2.pssr.sk\/index.php\/wp-json\/wp\/v2\/pages\/265\/revisions\/832"}],"wp:attachment":[{"href":"http:\/\/web2.pssr.sk\/index.php\/wp-json\/wp\/v2\/media?parent=265"}],"curies":[{"name":"wp","href":"https:\/\/api.w.org\/{rel}","templated":true}]}}