{"id":285,"date":"2026-03-09T17:13:27","date_gmt":"2026-03-09T17:13:27","guid":{"rendered":"http:\/\/web2.pssr.sk\/?page_id=285"},"modified":"2026-03-14T07:41:01","modified_gmt":"2026-03-14T07:41:01","slug":"organizacna-struktura","status":"publish","type":"page","link":"http:\/\/web2.pssr.sk\/index.php\/sk\/organizacna-struktura\/","title":{"rendered":"Organiza\u010dn\u00e1 \u0161trukt\u00fara"},"content":{"rendered":"\n<figure class=\"wp-block-image\"><img decoding=\"async\" src=\"http:\/\/web2.pssr.sk\/wp-content\/uploads\/org_struktura.svg\" alt=\"Organiza\u010dn\u00e1 \u0161trukt\u00fara PSSR\"\/><\/figure>\n\n\n\n\t<hr class=\"idsk-hr-separator govuk-!-margin-bottom-6\" \/>\n\n\t\n\n\n<div class=\"wp-block-columns is-layout-flex wp-container-core-columns-is-layout-9d6595d7 wp-block-columns-is-layout-flex\">\n<div class=\"wp-block-column is-layout-flow wp-block-column-is-layout-flow\" style=\"flex-basis:66.66%\">\n<h3 class=\"wp-block-heading\">Vedenie podniku:<\/h3>\n\n\n\n<p><strong>Ing. P\u00e9ter G\u00f6r\u00f6zdi<\/strong><br>Riadite\u013e<br>Staroh\u00e1jska 29<br>852 27 Bratislava<\/p>\n\n\n\n<p><a href=\"tel:+421905444607\">+421 905 444 607<\/a><br><a href=\"mailto:petergorozdi@pssr.sk\">petergorozdi@pssr.sk<\/a><\/p>\n\n\n\n<hr class=\"wp-block-separator has-alpha-channel-opacity\"\/>\n\n\n\n<p><strong>Ing. Marta Dianov\u00e1<\/strong><br>Ved\u00faca \u00faseku plemen\u00e1rskej biol\u00f3gie, z\u00e1stupky\u0148a riadite\u013ea<br>Staroh\u00e1jska 29<br>852 27 Bratislava<\/p>\n\n\n\n<p><a href=\"tel:+421908719115\">+421 908 719 115<\/a><br><a href=\"mailto:martadianova@pssr.sk\">martadianova@pssr.sk<\/a><\/p>\n<\/div>\n\n\n\n<div class=\"wp-block-column is-layout-flow wp-block-column-is-layout-flow\" style=\"flex-basis:33.33%\">\n<h3 class=\"wp-block-heading\">\u00dadaje o podniku:<\/h3>\n\n\n\n<p><strong>Obchodn\u00e9 meno:<\/strong> Plemen\u00e1rske slu\u017eby Slovenskej republiky, \u0161t\u00e1tny podnik<br><strong>S\u00eddlo:<\/strong> Staroh\u00e1jska 29,Bratislava 852 27<br><strong>I\u010cO:<\/strong> 36 856 096<br><strong>Pr\u00e1vna forma:<\/strong> \u0160t\u00e1tny podnik<br><strong>Vlo\u017eka \u010d\u00edslo:<\/strong> 426\/B<\/p>\n\n\n\n<p><a href=\"http:\/\/www.orsr.sk\/vypis.asp?ID=117083&amp;SID=2&amp;P=1\" target=\"_blank\" rel=\"noreferrer noopener\">V\u00fdpis z obchodn\u00e9ho registra<\/a><\/p>\n<\/div>\n<\/div>\n\n\n\n<p><\/p>\n","protected":false},"excerpt":{"rendered":"<p>Vedenie podniku: Ing. P\u00e9ter G\u00f6r\u00f6zdiRiadite\u013eStaroh\u00e1jska 29852 27 Bratislava +421 905 444 607petergorozdi@pssr.sk Ing. Marta Dianov\u00e1Ved\u00faca \u00faseku plemen\u00e1rskej biol\u00f3gie, z\u00e1stupky\u0148a riadite\u013eaStaroh\u00e1jska 29852 27 Bratislava +421 908 719 115martadianova@pssr.sk \u00dadaje o podniku: Obchodn\u00e9 meno: Plemen\u00e1rske slu\u017eby Slovenskej republiky, \u0161t\u00e1tny podnikS\u00eddlo: Staroh\u00e1jska 29,Bratislava 852 27I\u010cO: 36 856 096Pr\u00e1vna forma: \u0160t\u00e1tny podnikVlo\u017eka \u010d\u00edslo: 426\/B V\u00fdpis z obchodn\u00e9ho registra<\/p>\n","protected":false},"author":1,"featured_media":0,"parent":0,"menu_order":0,"comment_status":"closed","ping_status":"closed","template":"","meta":{"footnotes":""},"class_list":["post-285","page","type-page","status-publish","hentry"],"_links":{"self":[{"href":"http:\/\/web2.pssr.sk\/index.php\/wp-json\/wp\/v2\/pages\/285","targetHints":{"allow":["GET"]}}],"collection":[{"href":"http:\/\/web2.pssr.sk\/index.php\/wp-json\/wp\/v2\/pages"}],"about":[{"href":"http:\/\/web2.pssr.sk\/index.php\/wp-json\/wp\/v2\/types\/page"}],"author":[{"embeddable":true,"href":"http:\/\/web2.pssr.sk\/index.php\/wp-json\/wp\/v2\/users\/1"}],"replies":[{"embeddable":true,"href":"http:\/\/web2.pssr.sk\/index.php\/wp-json\/wp\/v2\/comments?post=285"}],"version-history":[{"count":8,"href":"http:\/\/web2.pssr.sk\/index.php\/wp-json\/wp\/v2\/pages\/285\/revisions"}],"predecessor-version":[{"id":813,"href":"http:\/\/web2.pssr.sk\/index.php\/wp-json\/wp\/v2\/pages\/285\/revisions\/813"}],"wp:attachment":[{"href":"http:\/\/web2.pssr.sk\/index.php\/wp-json\/wp\/v2\/media?parent=285"}],"curies":[{"name":"wp","href":"https:\/\/api.w.org\/{rel}","templated":true}]}}