{"id":397,"date":"2026-03-10T09:05:45","date_gmt":"2026-03-10T09:05:45","guid":{"rendered":"http:\/\/web2.pssr.sk\/?page_id=397"},"modified":"2026-03-14T07:36:25","modified_gmt":"2026-03-14T07:36:25","slug":"riaditelstvo","status":"publish","type":"page","link":"http:\/\/web2.pssr.sk\/index.php\/sk\/riaditelstvo\/","title":{"rendered":"Riadite\u013estvo"},"content":{"rendered":"\n<div class=\"wp-block-columns is-layout-flex wp-container-core-columns-is-layout-9d6595d7 wp-block-columns-is-layout-flex\">\n<div class=\"wp-block-column is-layout-flow wp-block-column-is-layout-flow\" style=\"flex-basis:33.33%\">\n<h3 class=\"wp-block-heading\">Plemen\u00e1rske slu\u017eby Slovenskej republiky, \u0161.p.<\/h3>\n\n\n\n<p>Staroh\u00e1jska 29<br>852 27 Bratislava<br>02\/ 62319 911<br>I\u010cO: 36 856 096<br>web s\u00eddlo: <a href=\"https:\/\/www.pssr.sk\">https:\/\/www.pssr.sk<\/a><br>mapa podniku: <a href=\"https:\/\/maps.app.goo.gl\/VeaifyQiSj9CvAby9\">mapa<\/a><br>e-mail: <a href=\"mailto:pssrba@pssr.sk\">pssrba@pssr.sk<\/a><\/p>\n\n\n\n<p><\/p>\n<\/div>\n\n\n\n<div class=\"wp-block-column is-layout-flow wp-block-column-is-layout-flow\" style=\"flex-basis:66.66%\"><\/div>\n<\/div>\n\n\n\n\t<hr class=\"idsk-hr-separator govuk-!-margin-bottom-6\" \/>\n\n\t\n\n\n<p>Spr\u00edstupnenie inform\u00e1ci\u00ed pod\u013ea z\u00e1kona \u010d. 211\/2000 Z. z. o slobodnom pr\u00edstupe k inform\u00e1ci\u00e1m a&nbsp;o&nbsp;zmene a doplnen\u00ed niektor\u00fdch z\u00e1konov (z\u00e1kon o slobode inform\u00e1ci\u00ed) v znen\u00ed neskor\u0161\u00edch predpisov:<\/p>\n\n\n\n<p>Inform\u00e1cie mo\u017eno z\u00edska\u0165 cez e-mail: <a href=\"mailto:infoziadost@pssr.sk\">infoziadost@pssr.sk<\/a><\/p>\n\n\n\n<hr class=\"wp-block-separator has-alpha-channel-opacity\"\/>\n\n\n\n\t<details class=\"govuk-details\" data-module=\"govuk-details\">\n\t\t<summary class=\"govuk-details__summary\">\n\t\t\t<span class=\"govuk-details__summary-text\">\n\t\t\t\tIng. P\u00e9ter G\u00f6r\u00f6zdi &#8211; riadite\u013e\t\t\t<\/span>\n\t\t<\/summary>\n\t\t<div class=\"govuk-details__text\">\n\t\t\tStaroh\u00e1jska 29<br>852 27 Bratislava<br><a href=\"tel:+421905444607\">+421 905 444 607<\/a><br><a href=\"mailto:petergorozdi@pssr.sk\">petergorozdi@pssr.sk<\/a>\t\t<\/div>\n\t<\/details>\n\n\t\n\n\n\t<details class=\"govuk-details\" data-module=\"govuk-details\">\n\t\t<summary class=\"govuk-details__summary\">\n\t\t\t<span class=\"govuk-details__summary-text\">\n\t\t\t\tIng. Marta Dianov\u00e1 &#8211; ved\u00faca \u00faseku plemen\u00e1rskej biol\u00f3gie, z\u00e1stupky\u0148a riadite\u013ea\t\t\t<\/span>\n\t\t<\/summary>\n\t\t<div class=\"govuk-details__text\">\n\t\t\t<strong>Plemen\u00e1rska biol\u00f3gia<br>\u00datvar ved\u00faceho plemen\u00e1rskej biol\u00f3gie<\/strong><br>Staroh\u00e1jska 29<br>852 27Bratislava<br><br><a href=\"tel:+421262319206\">+421 2 623 19 206<\/a> \/kl. 210<br><a href=\"tel:+421908719115\">+421 908 719 115<\/a><br><a href=\"mailto:martadianova@pssr.sk\">martadianova@pssr.sk<\/a>\t\t<\/div>\n\t<\/details>\n\n\t\n\n\n\t<details class=\"govuk-details\" data-module=\"govuk-details\">\n\t\t<summary class=\"govuk-details__summary\">\n\t\t\t<span class=\"govuk-details__summary-text\">\n\t\t\t\tMgr. Andrea Petru\u0161kov\u00e1 &#8211; asistentka riadite\u013ea\t\t\t<\/span>\n\t\t<\/summary>\n\t\t<div class=\"govuk-details__text\">\n\t\t\t<strong>\u00dasek riadite\u013ea<\/strong><br>Staroh\u00e1jska 29<br>852 27 Bratislava<br><a href=\"tel:+421262319911\">+421 2 623 19 911<\/a> \/kl. 201<br><a href=\"tel:+421905444606\">+421 905 444 606<\/a><br><a href=\"mailto:pssrba@pssr.sk\">pssrba@pssr.sk<\/a>\t\t<\/div>\n\t<\/details>\n\n\t\n\n\n\t<details class=\"govuk-details\" data-module=\"govuk-details\">\n\t\t<summary class=\"govuk-details__summary\">\n\t\t\t<span class=\"govuk-details__summary-text\">\n\t\t\t\tMgr. Miroslava Kosibov\u00e1 &#8211; pr\u00e1vni\u010dka\t\t\t<\/span>\n\t\t<\/summary>\n\t\t<div class=\"govuk-details__text\">\n\t\t\t<strong>Pr\u00e1vne slu\u017eby<\/strong><br>Staroh\u00e1jska 29<br>852 27 Bratislava<br><a href=\"tel:+421262319320\">+421 2 623 19 320<\/a> \/kl. 250<br><a href=\"tel:+421917117833\">+421 917 117 833<\/a><br><a href=\"mailto:miroslavakosibova@pssr.sk\">miroslavakosibova@pssr.sk<\/a>\t\t<\/div>\n\t<\/details>\n\n\t\n\n\n\t<details class=\"govuk-details\" data-module=\"govuk-details\">\n\t\t<summary class=\"govuk-details__summary\">\n\t\t\t<span class=\"govuk-details__summary-text\">\n\t\t\t\tIng. Em\u00edlia Vidli\u010dkov\u00e1 &#8211; ved\u00faca ekonomick\u00e9ho \u00faseku\t\t\t<\/span>\n\t\t<\/summary>\n\t\t<div class=\"govuk-details__text\">\n\t\t\t<strong>Ekonomick\u00fd \u00fasek<\/strong><br>Staroh\u00e1jska 29<br>852 27 Bratislava<br><a href=\"tel:+421262311131\">+421 2 623 11 131<\/a> \/kl. 254<br><a href=\"mailto:emiliavidlickova@pssr.sk\">emiliavidlickova@pssr.sk<\/a>\t\t<\/div>\n\t<\/details>\n\n\t\n\n\n\t<details class=\"govuk-details\" data-module=\"govuk-details\">\n\t\t<summary class=\"govuk-details__summary\">\n\t\t\t<span class=\"govuk-details__summary-text\">\n\t\t\t\tZuzana Rippov\u00e1 &#8211; referent registrat\u00fary a podate\u013ene\t\t\t<\/span>\n\t\t<\/summary>\n\t\t<div class=\"govuk-details__text\">\n\t\t\t<strong>\u00datvar registrat\u00fary a podate\u013ene<\/strong><br>Staroh\u00e1jska 29<br>852 27 Bratislava<br><a href=\"tel:+421262319886\">+421 2 623 19 886<\/a> \/kl. 205<br><a href=\"tel:+421915852014\">+421 915 852 014<\/a><br><a href=\"mailto:zuzanarippova@pssr.sk\">zuzanarippova@pssr.sk<\/a>\t\t<\/div>\n\t<\/details>\n\n\t\n\n\n\t<details class=\"govuk-details\" data-module=\"govuk-details\">\n\t\t<summary class=\"govuk-details__summary\">\n\t\t\t<span class=\"govuk-details__summary-text\">\n\t\t\t\tIng. Tatiana \u0160imekov\u00e1 &#8211; odborn\u00fd referent pre personalistiku\t\t\t<\/span>\n\t\t<\/summary>\n\t\t<div class=\"govuk-details__text\">\n\t\t\t<strong>\u013dudsk\u00e9 zdroje<\/strong><br>Staroh\u00e1jska 29<br>852 27 Bratislava<br><a href=\"tel:+421262319884\">+421 2 623 19 884<\/a> \/kl. 204<br><a href=\"tel:+421905710596\">+421 905 710 596<\/a><br><a href=\"mailto:tatianasimekova@pssr.sk\">tatianasimekova@pssr.sk<\/a>\t\t<\/div>\n\t<\/details>\n\n\t\n\n\n\t<details class=\"govuk-details\" data-module=\"govuk-details\">\n\t\t<summary class=\"govuk-details__summary\">\n\t\t\t<span class=\"govuk-details__summary-text\">\n\t\t\t\tAnna Bedn\u00e1rikov\u00e1 &#8211; referent pre mzdy a personalistiku\t\t\t<\/span>\n\t\t<\/summary>\n\t\t<div class=\"govuk-details__text\">\n\t\t\t<strong>\u00datvar financi\u00ed, \u00fa\u010dtovn\u00edctva a miezd<\/strong><br>Staroh\u00e1jska 29<br>852 27 Bratislava<br><a href=\"tel:+421262243983\">+421 2 622 43 983<\/a> \/kl. 202<br><a href=\"mailto:annabednarikova@pssr.sk\">annabednarikova@pssr.sk<\/a>\t\t<\/div>\n\t<\/details>\n\n\t\n\n\n\t<details class=\"govuk-details\" data-module=\"govuk-details\">\n\t\t<summary class=\"govuk-details__summary\">\n\t\t\t<span class=\"govuk-details__summary-text\">\n\t\t\t\tIng. Tibor Kiac &#8211; ved\u00faci hospod\u00e1rskej spr\u00e1vy a autodopravy\t\t\t<\/span>\n\t\t<\/summary>\n\t\t<div class=\"govuk-details__text\">\n\t\t\t<strong>Ekonomick\u00fd \u00fasek<\/strong><br><strong>\u00datvar hospod\u00e1rska spr\u00e1va a autodoprava<\/strong><br>Staroh\u00e1jska 29<br>852 27 Bratislava<br><a href=\"tel:+421262319209\">+421 2 623 19 209<\/a> \/kl. 253<br><a href=\"tel:+421915851579\">+421 915 851 579<\/a><br><a href=\"mailto:tiborkiac@pssr.sk\">tiborkiac@pssr.sk<\/a>\t\t<\/div>\n\t<\/details>\n\n\t\n\n\n\t<details class=\"govuk-details\" data-module=\"govuk-details\">\n\t\t<summary class=\"govuk-details__summary\">\n\t\t\t<span class=\"govuk-details__summary-text\">\n\t\t\t\tIng. Milan Hrn\u010diar \u2013 kontrol\u00f3r pre kontrolu \u00fa\u017eitkovosti hospod\u00e1rskych zvierat\t\t\t<\/span>\n\t\t<\/summary>\n\t\t<div class=\"govuk-details__text\">\n\t\t\t<strong>Plemen\u00e1rska biol\u00f3gia<\/strong><br>Staroh\u00e1jska 29<br>852 27 Bratislava<br><a href=\"tel:+421917190879\">+421 917 190 879<\/a><br><a href=\"mailto:milanhrnciar@pssr.sk\">milanhrnciar@pssr.sk<\/a>\t\t<\/div>\n\t<\/details>\n\n\t\n\n\n\t<details class=\"govuk-details\" data-module=\"govuk-details\">\n\t\t<summary class=\"govuk-details__summary\">\n\t\t\t<span class=\"govuk-details__summary-text\">\n\t\t\t\tIng. Kamil \u0160ulko &#8211; odborn\u00fd zootechnik pre kontrolu \u00fa\u017eitkovosti hospod\u00e1rskych zvierat, kontrol\u00f3r pet\u00edcii a s\u0165a\u017enost\u00ed\t\t\t<\/span>\n\t\t<\/summary>\n\t\t<div class=\"govuk-details__text\">\n\t\t\t<strong>Plemen\u00e1rska biol\u00f3gia<\/strong><br>Staroh\u00e1jska 29<br>852 27 Bratislava<br><a href=\"tel:+421915851611\">+421 915 851 611<\/a><br><a href=\"mailto:kamilsulko@pssr.sk\">kamilsulko@pssr.sk<\/a>\t\t<\/div>\n\t<\/details>\n\n\t\n\n\n\t<details class=\"govuk-details\" data-module=\"govuk-details\">\n\t\t<summary class=\"govuk-details__summary\">\n\t\t\t<span class=\"govuk-details__summary-text\">\n\t\t\t\tIng. Peter P\u00fa\u0161 &#8211; referent hospod\u00e1rskej spr\u00e1vy a autodopravy\t\t\t<\/span>\n\t\t<\/summary>\n\t\t<div class=\"govuk-details__text\">\n\t\t\t<strong>Ekonomick\u00fd \u00fasek<br>\u00datvar hospod\u00e1rska spr\u00e1va a autodoprava<\/strong><br>Staroh\u00e1jska 29<br>852 27 Bratislava<br><a href=\"tel:+421262319520\">+421 2 623 19 520<\/a> \/kl. 270<br><a href=\"tel:+421905700946\">+421 905 700 946<\/a><br><a href=\"mailto:peterpus@pssr.sk\">peterpus@pssr.sk<\/a>\t\t<\/div>\n\t<\/details>\n\n\t\n\n\n\t<details class=\"govuk-details\" data-module=\"govuk-details\">\n\t\t<summary class=\"govuk-details__summary\">\n\t\t\t<span class=\"govuk-details__summary-text\">\n\t\t\t\tAlexandra Bohu\u0161ov\u00e1 &#8211; finan\u010dn\u00e1 \u00fa\u010dtovn\u00ed\u010dka\t\t\t<\/span>\n\t\t<\/summary>\n\t\t<div class=\"govuk-details__text\">\n\t\t\t<strong>Ekonomick\u00fd \u00fasek<br>\u00datvar financi\u00ed \u00fa\u010dtovn\u00edctva a miezd<\/strong><br>Staroh\u00e1jska 29<br>852 27 Bratislava<br><a href=\"tel:+421262319625\">+421 2 623 19 625<\/a> \/kl. 203<br><a href=\"mailto:alexandrabohusova@pssr.sk\">alexandrabohusova@pssr.sk<\/a>\t\t<\/div>\n\t<\/details>\n\n\t\n\n\n\t<details class=\"govuk-details\" data-module=\"govuk-details\">\n\t\t<summary class=\"govuk-details__summary\">\n\t\t\t<span class=\"govuk-details__summary-text\">\n\t\t\t\tAndrea Macov\u00e1 &#8211; v\u0161eobecn\u00e1 \u00fa\u010dtovn\u00ed\u010dka\t\t\t<\/span>\n\t\t<\/summary>\n\t\t<div class=\"govuk-details__text\">\n\t\t\t<strong>Ekonomick\u00fd \u00fasek<br>\u00datvar financi\u00ed \u00fa\u010dtovn\u00edctva a miezd<\/strong><br>Staroh\u00e1jska 29<br>852 27 Bratislava<br><a href=\"tel:+421262319728\">+421 2 623 19 728<\/a> \/kl. 252<br><a href=\"mailto:andreamacova@pssr.sk\">andreamacova@pssr.sk<\/a>\t\t<\/div>\n\t<\/details>\n\n\t\n\n\n\t<details class=\"govuk-details\" data-module=\"govuk-details\">\n\t\t<summary class=\"govuk-details__summary\">\n\t\t\t<span class=\"govuk-details__summary-text\">\n\t\t\t\tMartina P\u00e1le\u0161ov\u00e1 &#8211; referent hospod\u00e1rskej spr\u00e1vy a autodopravy\t\t\t<\/span>\n\t\t<\/summary>\n\t\t<div class=\"govuk-details__text\">\n\t\t\t<strong>Ekonomick\u00fd \u00fasek<\/strong><br><strong>\u00datvar hospod\u00e1rska spr\u00e1va a autodoprava<\/strong><br>Staroh\u00e1jska 29<br>852 27 Bratislava<br><a href=\"tel:+421262240974\">+421 2 622 40 974<\/a> \/kl. 221<br><a href=\"tel:+421917201275\">+421 917 201 275<\/a><br><a href=\"mailto:martinapalesova@pssr.sk\">martinapalesova@pssr.sk<\/a><br><a href=\"mailto:hospodarskasprava@pssr.sk\">hospodarskasprava@pssr.sk<\/a>\t\t<\/div>\n\t<\/details>\n\n\t","protected":false},"excerpt":{"rendered":"<p>Plemen\u00e1rske slu\u017eby Slovenskej republiky, \u0161.p. Staroh\u00e1jska 29852 27 Bratislava02\/ 62319 911I\u010cO: 36 856 096web s\u00eddlo: https:\/\/www.pssr.skmapa podniku: mapae-mail: pssrba@pssr.sk Spr\u00edstupnenie inform\u00e1ci\u00ed pod\u013ea z\u00e1kona \u010d. 211\/2000 Z. z. o slobodnom pr\u00edstupe k inform\u00e1ci\u00e1m a&nbsp;o&nbsp;zmene a doplnen\u00ed niektor\u00fdch z\u00e1konov (z\u00e1kon o slobode inform\u00e1ci\u00ed) v znen\u00ed neskor\u0161\u00edch predpisov: Inform\u00e1cie mo\u017eno z\u00edska\u0165 cez e-mail: infoziadost@pssr.sk<\/p>\n","protected":false},"author":1,"featured_media":0,"parent":0,"menu_order":0,"comment_status":"closed","ping_status":"closed","template":"","meta":{"footnotes":""},"class_list":["post-397","page","type-page","status-publish","hentry"],"_links":{"self":[{"href":"http:\/\/web2.pssr.sk\/index.php\/wp-json\/wp\/v2\/pages\/397","targetHints":{"allow":["GET"]}}],"collection":[{"href":"http:\/\/web2.pssr.sk\/index.php\/wp-json\/wp\/v2\/pages"}],"about":[{"href":"http:\/\/web2.pssr.sk\/index.php\/wp-json\/wp\/v2\/types\/page"}],"author":[{"embeddable":true,"href":"http:\/\/web2.pssr.sk\/index.php\/wp-json\/wp\/v2\/users\/1"}],"replies":[{"embeddable":true,"href":"http:\/\/web2.pssr.sk\/index.php\/wp-json\/wp\/v2\/comments?post=397"}],"version-history":[{"count":26,"href":"http:\/\/web2.pssr.sk\/index.php\/wp-json\/wp\/v2\/pages\/397\/revisions"}],"predecessor-version":[{"id":807,"href":"http:\/\/web2.pssr.sk\/index.php\/wp-json\/wp\/v2\/pages\/397\/revisions\/807"}],"wp:attachment":[{"href":"http:\/\/web2.pssr.sk\/index.php\/wp-json\/wp\/v2\/media?parent=397"}],"curies":[{"name":"wp","href":"https:\/\/api.w.org\/{rel}","templated":true}]}}